et y(h) = 17*h**2 - 165*h - 5642. Give y(-14).
0
Let l(h) = 1568*h + 83413. Give l(-53).
309
Let v(d) = 5*d**2 - 4504*d + 18037. Determine v(4).
101
Let g(x) = x**2 + 5955*x + 17882. Determine g(-3).
26
Let g(k) = 11*k**3 - 208*k**2 + 641*k + 57. Calculate g(4).
-3
Let k(h) = -11803*h - 5523795. Calculate k(-468).
9
Let h(g) = g**3 - 27*g**2 + 75899*g - 1591232. Calculate h(21).
1
Let j(p) = 5*p**3 + 26*p**2 - 21*p - 16. Calculate j(-5).
114
Let f(x) = -3159*x + 14760. Give f(5).
-1035
Let d(i) = i**2 - 156*i - 35600. Determine d(282).
-68
Let n(a) = 2*a**2 - 246*a - 3223. Calculate n(-13).
313
Let j(f) = -f**3 + 284*f**2 - 34*f + 9351. Give j(284).
-305
Let j(r) = -230250*r - 1611750. Calculate j(-7).
0
Let p(m) = m**3 + 29*m**2 - 594*m - 2781. Determine p(-4).
-5
Let a(u) = 5*u**2 + 26412*u - 185131. Calculate a(7).
-2
Let l(m) = 131*m**3 - 8257*m**2 + 512*m - 16391. Calculate l(63).
-11
Let l(r) = -7*r**3 - 1675*r**2 - 483*r - 1179. Calculate l(-239).
16
Let o(v) = -7*v**2 - 2416*v - 9584. Determine o(-4).
-32
Let s(u) = u**3 + 21*u**2 + 2667*u + 52931. Calculate s(-20).
-9
Let z(a) = -a**3 - 338*a**2 - 1649*a + 5331. Determine z(-333).
3
Let q(v) = 5472*v - 16248. Give q(3).
168
Let a(t) = 12049*t - 156572. Calculate a(13).
65
Let f(w) = -596*w**2 - 68540*w - 30. Calculate f(-115).
-30
Let i(n) = 2*n**3 - 85*n**2 - 410*n + 4027. Give i(46).
-21
Let y(c) = 310*c + 17939. Determine y(-57).
269
Let s(u) = 3*u**3 + 33*u**2 + 626*u + 12093. Give s(-15).
3
Let x(n) = 18165*n - 1125899. Determine x(62).
331
Let i(j) = -j**2 + 49*j + 3793. Give i(93).
-299
Let x(s) = s**3 - 8*s**2 - 284*s + 2588. Give x(9).
113
Let u(j) = -70094*j + 350700. Give u(5).
230
Let m(s) = -5305*s - 37121. Give m(-7).
14
Let g(t) = -221*t - 3367. Give g(-18).
611
Let m(d) = -5*d**2 + 176*d - 595. What is m(3)?
-112
Let w(u) = -1323*u - 47887. Determine w(-36).
-259
Let l(h) = 8*h**2 + 693*h + 12509. What is l(-61)?
4
Let w(p) = p**3 + 464*p**2 + 17345*p + 948. What is w(-423)?
102
Let k(z) = z**3 - 19*z**2 - 290*z - 475. Give k(29).
-475
Let h(q) = q**3 + 17*q**2 - 4545*q - 77260. Calculate h(-17).
5
Let k(m) = -m**3 - 265*m**2 - 1264*m + 9388. What is k(-260)?
28
Let f(q) = -26*q**2 - 48159*q + 373868. Determine f(-1860).
8
Let t(f) = -4*f**2 + 4533*f - 552817. Calculate t(139).
-14
Let g(m) = 509*m**2 - 128*m - 131. Give g(-1).
506
Let c(o) = -3*o**2 - 204*o - 1467. Determine c(-54).
801
Let n(o) = -325*o - 5340. Determine n(-15).
-465
Let y(u) = 2535*u + 20271. Calculate y(-8).
-9
Let g(o) = -717*o + 36973. What is g(55)?
-2462
Let q(g) = -g**2 + 88*g + 27. Determine q(7).
594
Let j(f) = -744294*f - 1488588. Give j(-2).
0
Let j(w) = 11*w**2 + 144*w + 786. Give j(-19).
2021
Let u(l) = -3*l**2 + 92*l + 166. Calculate u(32).
38
Let l(y) = 23*y**3 - 1655*y**2 - 73*y + 150. Determine l(72).
78
Let b(w) = -14*w**2 + 4743*w + 69148. Calculate b(-14).
2
Let s(l) = 9*l**3 + 11819*l**2 + 2631*l + 6565. Calculate s(-1313).
0
Let i(u) = 1719*u**3 + 5*u**2 - 4*u - 2. What is i(1)?
1718
Let i(b) = 2*b**3 + 4*b**2 - 2707*b - 23224. Calculate i(-9).
5
Let o(w) = -89*w**2 + 44*w - 94. Calculate o(2).
-362
Let a(l) = 9541*l + 133526. Determine a(-14).
-48
Let d(v) = 2249*v + 61104. Calculate d(-28).
-1868
Let s(o) = o**2 - 304*o + 10092. What is s(38)?
-16
Let x(p) = 36009*p - 72003. Give x(2).
15
Let m(i) = 24208*i - 290623. What is m(12)?
-127
Let v(h) = h**2 - 2951*h + 242912. Calculate v(85).
-698
Let w(n) = n**3 + 50*n**2 + 617*n + 22. Calculate w(-27).
130
Let r(a) = -50*a**3 + a**2 - 59*a + 109. Calculate r(2).
-405
Let r(q) = -1147*q - 2139. What is r(-2)?
155
Let k(b) = -1787*b - 62590. Calculate k(-35).
-45
Let r(w) = -w**2 + 2494*w - 179089. Determine r(74).
-9
Let k(l) = -2*l**3 + 14*l**2 + 1610*l - 14168. What is k(9)?
-2
Let d(o) = -11*o**2 - 9718*o - 19449. What is d(-2)?
-57
Let f(q) = q**3 + 11*q**2 - 366*q - 3122. What is f(-8)?
-2
Let o(v) = -26*v + 5610. Determine o(118).
2542
Let r(z) = 554308*z + 3880146. Calculate r(-7).
-10
Let w(s) = s**3 + 78*s**2 + 3874*s - 41916. Determine w(9).
-3
Let p(c) = 133*c**2 - 531*c - 3128. Determine p(7).
-328
Let x(y) = 3*y**3 + 43*y**2 + 3880*y + 54129. Give x(-14).
5
Let z(b) = 3229*b - 12762. Calculate z(4).
154
Let t(r) = 3*r**2 + 43597*r + 217942. Determine t(-5).
32
Let c(b) = 3286*b - 60495. What is c(19)?
1939
Let d(j) = 68424*j - 271972. Determine d(4).
1724
Let s(h) = 3*h**2 + 404*h + 6433. What is s(-116)?
-63
Let o(s) = s**3 - 12*s**2 - 16*s + 400. Give o(7).
43
Let f(w) = -335*w + 8794. What is f(27)?
-251
Let p(t) = 63*t**3 + 19339*t**2 - 623*t - 2759. Calculate p(-307).
4
Let v(u) = 11*u - 47. Calculate v(-13).
-190
Let v(c) = 14*c**2 - 1028*c - 12414. Determine v(84).
18
Let s(w) = -694*w - 3398. Give s(-5).
72
Let y(v) = 654204*v - 1962651. Calculate y(3).
-39
Let x(b) = -b**2 - 30682*b - 30683. Determine x(-1).
-2
Let w(g) = 106*g**2 - 1732*g + 41. Determine w(16).
-535
Let k(p) = 4*p**2 - 54*p - 23370. Calculate k(-70).
10
Let o(n) = 4*n**2 - 339*n + 378. Calculate o(80).
-1142
Let o(s) = -s**3 + 141*s**2 - 82*s - 130604. Calculate o(133).
2
Let t(d) = -13*d**2 + 383*d + 1062. Calculate t(32).
6
Let z(m) = 146*m**2 + 643*m - 9. Calculate z(-5).
426
Let n(w) = -35695*w - 4247694. Calculate n(-119).
11
Let s(h) = 1441*h - 425099. Give s(295).
-4
Let b(f) = 2003*f - 297687. What is b(149)?
760
Let p(t) = -7204*t + 21484. Calculate p(3).
-128
Let v(i) = 6*i**2 - 144*i + 157. Calculate v(23).
19
Let a(i) = -254*i**3 + 2*i**2 + 632*i - 1274. Give a(2).
-2034
Let t(o) = -o**3 + 1340*o**2 + 6714*o + 3. What is t(-5)?
58
Let k(r) = -3*r**2 - 133*r + 851. Calculate k(-52).
-345
Let t(f) = 2*f**2 + 50*f - 601. Give t(-34).
11
Let m(v) = 2230*v + 91044. Give m(-41).
-386
Let n(k) = -3*k**3 + 11*k**2 + 206*k - 919. Determine n(5).
11
Let s(k) = 2*k**3 + 16*k**2 + 42*k - 367. Determine s(4).
185
Let c(o) = 3708*o - 181709. Calculate c(49).
-17
Let q(n) = n**3 + 40*n**2 - 4316*n - 2229. What is q(49)?
-24
Let l(b) = b**3 + 14*b**2 - 6*b + 3. What is l(-18)?
-1185
Let v(q) = -6*q**3 - 113*q**2 + 3421*q + 64650. Determine v(-19).
12
Let z(j) = -277*j**3 - 30*j**2 - 62*j - 14. Determine z(-2).
2206
Let u(k) = -70*k - 2195. Calculate u(-25).
-445
Let n(u) = -482*u**2 - 123866*u + 2054. Determine n(-257).
-2
Let i(b) = -1601*b + 19898. What is i(12)?
686
Let q(a) = -1467*a - 12616. Calculate q(-9).
587
Let w(p) = 1524*p**3 + 10*p**2 - 107*p + 104. Calculate w(1).
1531
Let z(y) = 12*y**2 + 189*y + 880. Determine z(-8).
136
Let k(o) = 180414*o + 1623635. Give k(-9).
-91
Let n(x) = -27*x**2 + 3010*x + 1580. Determine n(112).
12
Let h(a) = -76*a**3 - 2*a**2 + 111*a + 227. Calculate h(-2).
605
Let g(m) = -203*m**3 + 209*m**2 - 258*m + 50. What is g(1)?
-202
Let j(z) = -85*z**2 + 6720*z - 13440. Calculate j(2).
-340
Let b(g) = -145*g + 3422. Calculate b(25).
-203
Let w(b) = -2*b**3 + 341*b**2 - 2721*b - 5392. Calculate w(162).
-46
Let g(m) = m**3 + 195*m**2 + 306*m + 137912. What is g(-197)?
12
Let w(b) = 2107*b - 94818. Calculate w(45).
-3
Let t(m) = 39820*m - 240622. Determine t(6).
-1702
Let i(g) = g**2 + 2092*g + 30800. Calculate i(-15).
-355
Let b(c) = -c**3 + 43*c**2 - 246*c + 1059. Calculate b(36).
1275
Let d(h) = -h**3 + 64*h**2 - 562*h - 162. Determine d(54).
-1350
Let n(l) = 1941*l + 27. Give n(0).
27
Let l(a) = 31212*a - 188123. What is l(6)?
-851
Let k(h) = 3414*h - 416560. Give k(122).
-52
Let p(k) = -37657*k - 338914. Give p(-9).
-1
Let s(g) = -5551*g + 42833. Determine s(8).
-1575
Let j(l) = 2*l**2 - 600*l - 5597. What is j(309)?
-35
Let l(v) = 3*v**3 + 2*v**2 - 117*v - 205. Give l(-5).
55
Let k(r) = -r**3 - 96*r**2 - 1483*r + 10746. Give k(-74).
16
Let d(h) = h**3 - 31*h**2 - 520*h + 54. Calculate d(-14).
-1486
Let i(q) = -3*q**3 + 1391*q**2 - 2949*q + 936681. Calculate i(463).
32
Let c(f) = f**2 - 1561*f - 117736. Give c(-72).
-160
Let d(j) = 26*j**2 + 494*j - 1. Determine d(-3).
-1249
Let k(c) = 150055*c - 900324. Calculate k(6).
6
Let r(f) = 24189*f - 169552. Give r(7).
-229
Let h(j) = j**3 + 25*j**2 - 263*j - 178. Determine h(-33).
-211
Let t(d) = 17521*d + 683443. What is t(-39)?
124
Let y(r) = -r**3 - 23*r**2 - 66*r - 110. Give y(-20).
10
Let g(a) = -342*a - 28079. Determine g(-83).
307
Let d(o) = 325124*o - 7